f 115336614?
5
What is the ten thousands digit of 212214281?
1
What is the hundred thousands digit of 918407543?
4
What is the hundred thousands digit of 622794589?
7
What is the hundred thousands digit of 145169823?
1
What is the ten thousands digit of 38246092?
4
What is the ten millions digit of 497736196?
9
What is the millions digit of 1844555394?
4
What is the hundred millions digit of 5846782388?
8
What is the hundreds digit of 1381299522?
5
What is the hundred thousands digit of 1429514495?
5
What is the hundred thousands digit of 62488234?
4
What is the hundreds digit of 64458325?
3
What is the ten millions digit of 2287723319?
8
What is the ten thousands digit of 429779636?
7
What is the tens digit of 54380978?
7
What is the units digit of 65214707?
7
What is the millions digit of 26547269?
6
What is the units digit of 365172184?
4
What is the hundred thousands digit of 9445324122?
3
What is the hundred thousands digit of 23371404?
3
What is the ten millions digit of 43451652?
4
What is the ten thousands digit of 205438771?
3
What is the units digit of 471077431?
1
What is the ten millions digit of 377774859?
7
What is the thousands digit of 67034276?
4
What is the units digit of 1934544173?
3
What is the ten thousands digit of 808137573?
3
What is the thousands digit of 66144768?
4
What is the units digit of 11878677?
7
What is the millions digit of 6574736805?
4
What is the millions digit of 782716365?
2
What is the ten millions digit of 1730535635?
3
What is the tens digit of 77464526?
2
What is the hundreds digit of 420973513?
5
What is the tens digit of 46799987?
8
What is the ten thousands digit of 856803056?
0
What is the thousands digit of 126538269?
8
What is the tens digit of 502919784?
8
What is the units digit of 8936404?
4
What is the millions digit of 84947790?
4
What is the units digit of 13483795?
5
What is the units digit of 1004687985?
5
What is the ten millions digit of 153569986?
5
What is the units digit of 8233878511?
1
What is the units digit of 1493456356?
6
What is the tens digit of 41906345?
4
What is the tens digit of 3075086036?
3
What is the hundred millions digit of 640386241?
6
What is the hundred thousands digit of 1184447242?
4
What is the hundreds digit of 2742726298?
2
What is the ten thousands digit of 71308361?
0
What is the hundred thousands digit of 3262251607?
2
What is the ten millions digit of 736700614?
3
What is the ten millions digit of 265941365?
6
What is the ten thousands digit of 12375349?
7
What is the units digit of 315792674?
4
What is the ten millions digit of 1048489485?
4
What is the hundred thousands digit of 1799988480?
9
What is the hundreds digit of 583577814?
8
What is the tens digit of 69206821?
2
What is the thousands digit of 109416866?
6
What is the hundreds digit of 76288255?
2
What is the thousands digit of 96350939?
0
What is the tens digit of 4346263?
6
What is the tens digit of 19210917?
1
What is the thousands digit of 395586313?
6
What is the units digit of 459895227?
7
What is the hundred thousands digit of 22463555?
4
What is the millions digit of 3783489845?
3
What is the billions digit of 1133645253?
1
What is the hundreds digit of 5509306867?
8
What is the millions digit of 25588762?
5
What is the ten millions digit of 337380743?
3
What is the hundred thousands digit of 5501092844?
0
What is the hundreds digit of 2795867571?
5
What is the ten millions digit of 86463774?
8
What is the units digit of 4185893325?
5
What is the hundred thousands digit of 41667571?
6
What is the hundred thousands digit of 944444990?
4
What is the units digit of 47289634?
4
What is the ten millions digit of 69529445?
6
What is the thousands digit of 6502208?
2
What is the tens digit of 131137285?
8
What is the thousands digit of 554234125?
4
What is the ten thousands digit of 336361180?
6
What is the hundred thousands digit of 1688698227?
6
What is the tens digit of 669919754?
5
What is the units digit of 8366159?
9
What is the hundred millions digit of 394839586?
3
What is the units digit of 109919628?
8
What is the units digit of 1807496566?
6
What is the ten thousands digit of 12212242?
1
What is the hundreds digit of 434186167?
1
What is the hundreds digit of 610167139?
1
What is the ten millions digit of 360594841?
6
What is the units digit of 53777843?
3
What is the hundred thousands digit of 1296700602?
7
What is the hundreds digit of 702690626?
6
What is the thousands digit of 128063162?
3
What is the hundreds digit of 1165519280?
2
What is the thousands digit of 69157919?
7
What is the hundred thousands digit of 302145619?
1
What is the hundred thousands digit of 165835918?
8
What is the millions digit of 97144101?
7
What is the hundred thousands digit of 136871270?
8
What is the hundred thousands digit of 739749091?
7
What is the millions digit of 199387758?
9
What is the ten millions digit of 3310231918?
1
What is the units digit of 35063947?
7
What is the ten millions digit of 8575398031?
7
What is the ten millions digit of 32547195?
3
What is the units digit of 106837129?
9
What is the hundred thousands digit of 1987645358?
6
What is the hundreds digit of 52186582?
5
What is the hundreds digit of 1054264780?
7
What is the millions digit of 1564827787?
4
What is the ten millions digit of 1256529253?
5
What is the thousands digit of 35685705?
5
What is the tens digit of 181977304?
0
What is the tens digit of 376068483?
8
What is the hundreds digit of 105689925?
9
What is the hundreds digit of 39274334?
3
What is the ten millions digit of 142565583?
4
What is the ten millions digit of 531767769?
3
What is the hundreds digit of 149397069?
0
What is the thousands digit of 41931941?
1
What is the thousands digit of 43260837?
0
What is the hundred thousands digit of 38989789?
9
What is the millions digit of 1074163662?
4
What is the millions digit of 155532514?
5
What is the hundred thousands digit of 383514380?
5
What is the units digit of 3126593454?
4
What is the hundred thousands digit of 638134029?
1
What is the units digit of 46012821?
1
What is the ten thousands digit of 252712403?
1
What is the hundreds digit of 614356529?
5
What is the ten thousands digit of 1463638518?
3
What is the tens digit of 4606467?
6
What is the ten millions digit of 1102802119?
0
What is the ten thousands digit of 405144769?
4
What is the units digit of 26581110?
0
What is the ten thousands digit of 740579691?
7
What is the ten millions digit of 219719371?
1
What is the hundred millions digit of 897318635?
8
What is the millions digit of 131402239?
1
What is the hundreds digit of 32069505?
5
What is the hundreds digit of 6710128746?
7
What is the tens digit of 152602260?
6
What is the hundreds digit of 46375739?
7
What is the hundred thousands digit of 412125139?
1
What is the hundred millions digit of 237153089?
2
What is the hundreds digit of 547522783?
7
What is the hundred thousands digit of 171711839?
7
What is the ten millions digit of 1755971691?
5
What is the millions digit of 282651237?
2
What is the hundred thousands digit of 44412852?
4
What is the ten millions digit of 415542963?
1
What is the hundred thousands digit of 7955140?
9
What is the ten millions digit of 291527941?
9
What is the ten thousands digit of 261482968?
8
What is the ten thousands digit of 258427849?
2
What is the thousands digit of 21047067?
7
What is the units digit of 75774654?
4
What is the millions digit of 383208557?
3
What is the ten thousands digit of 154757388?
5
What is the hundred thousands digit of 1615159648?
1
What is the units digit of 47667803?
3
What is the thousands digit of 84773549?
3
What is the ten thousands digit of 8378722?
7
What is the tens digit of 51764228?
2
What is the ten thousands digit of 451831017?
3
What is the millions digit of 446969536?
6
What is the hundreds digit of 46529321?
3
What is the millions digit of 970795471?
0
What is the ten thousands digit of 160437869?
3
What is the units digit of 212341085?
5
What is the millions digit of 243837580?
3
What is the ten thousands digit of 5996499996?
9
What is the tens digit of 183707270?
7
What is the tens digit of 776476495?
9
What is the ten millions digit of 60268732?
6
What is the billions digit of 4979883535?
4
What 